2, 3, 7
List the prime factors of (9168/191)/((-3)/(-2)).
2
Suppose 4*t = -3*n + 1866, 8*t = 4*t - n + 1862. What are the prime factors of t?
3, 5, 31
Let p(y) = -4*y**3 - 2*y**2 + 1. Let r be p(-1). Let l(n) = 3*n - 3. Let u be l(r). List the prime factors of u*(4 - 1) - -2.
2, 5
Let s(d) = -4722*d**3 - d**2 + 14*d + 15. List the prime factors of s(-1).
2, 3, 787
What are the prime factors of 3/(3/2) + 10050/30?
337
Let s be (4 + (-6)/3)*277/2. Let u = 468 - s. List the prime factors of u.
191
Suppose -33*v = -36*v + 2103. Suppose -31 = -6*r + v. List the prime factors of r.
2, 61
Let t be 1/4 + 115/20. Suppose 22 = -t*v + 268. List the prime factors of v.
41
Let v(z) = z**2 + 8*z + 9. Let i be v(-7). What are the prime factors of (-1 - i) + (-78)/(-6)?
2, 5
Let l(p) = -p + 32. Let u(h) = 11*h + 2. Let x(a) = 21*a + 5. Let j(w) = 5*u(w) - 2*x(w). Let i be j(1). What are the prime factors of l(i)?
19
Let l = 27 + -41. Let r = 32 - l. What are the prime factors of r?
2, 23
Suppose 0 = -y + 4*z + 1814, 4*y + 15*z - 7228 = 17*z. What are the prime factors of y?
2, 3, 7, 43
Let t(p) be the second derivative of -p**5/20 + 11*p**4/12 + 7*p**3/3 - 2*p**2 - 7*p. List the prime factors of t(12).
2, 5
Let b(v) = -3*v + 12. Let l be b(4). Suppose 2*d - 5*d + 162 = l. List the prime factors of d.
2, 3
Suppose 5*y - 2*d - 13412 = 0, 5*y + 3*d - 924 - 12483 = 0. What are the prime factors of y?
2, 3, 149
List the prime factors of (-23 - -13) + 4902 + 2.
2, 2447
Suppose 0 = z - 3*t - 19, -4*z - 2*t = t - 1. What are the prime factors of (-4)/(-8)*39*z?
2, 3, 13
List the prime factors of 5 + (4 - -346 - -7).
2, 181
Suppose -2767 = -b - 5*o, -2*o = -81*b + 78*b + 8335. List the prime factors of b.
2777
Let u = 145 - -344. What are the prime factors of u?
3, 163
Suppose -4*p = 4*p + 56. List the prime factors of (p - 142)*2*(-1)/2.
149
Let r be (-3)/(-3 - -4 - 84/81). Suppose j = 2*j - 31. Suppose -j - r = -7*t. What are the prime factors of t?
2
Suppose 3*d = 5*a - d - 220, 0 = 4*a + 3*d - 207. Suppose 4 - a = -2*y. What are the prime factors of y?
2, 11
Let y(p) = p**2 - 2*p + 5. Let a be y(0). What are the prime factors of (2 - -130) + a/((-20)/12)?
3, 43
Let a = -23 - -23. Suppose 0 = -a*f + 4*f - 236. What are the prime factors of f?
59
Suppose 0 = -5*c + 8*c - 15. Let x = 45 + c. What are the prime factors of x?
2, 5
Let v = -31 + 56. Let l be (-2 + -3)*20/v. Let k = 31 + l. What are the prime factors of k?
3
Let g = 569 + 932. List the prime factors of g.
19, 79
Let k(b) = -b**3 + 9*b**2 - 2*b - 10. Let c = 38 - 31. List the prime factors of k(c).
2, 37
What are the prime factors of 1344 - 3/(12/40)?
2, 23, 29
Suppose 140 = -o + 5*o. Suppose 0 = -s - c - 2*c, 4*s + 5*c - o = 0. Suppose 0 = -u + s + 5. List the prime factors of u.
2, 5
Suppose 4*r = -10 + 38. Suppose -r*k - 3 = -8*k. What are the prime factors of k?
3
Suppose 2424 = 172*t - 166*t. List the prime factors of t.
2, 101
Let t(z) = z**2 + 7*z - 2. Let h be t(-6). What are the prime factors of 166 - ((-5)/(-20) - (-10)/h)?
167
What are the prime factors of (-2)/((-4)/(-6234))*(-37)/111?
1039
Let c(m) = m**3 - 3*m**2 - 4*m + 2. Let b be c(4). Suppose b*f + 49 = y - 0*f, 2*f + 163 = 3*y. Let t = -30 + y. List the prime factors of t.
3
What are the prime factors of (0 + (-72)/15)/((-45)/8400)?
2, 7
Let q be (385 - (1 - 4))/(-1). Let l = q - -682. What are the prime factors of l?
2, 3, 7
Suppose c = -c + 60. Let k be -3*7 - 6/(-3). Let b = c + k. What are the prime factors of b?
11
Suppose 2*p = -2*p + 16, p + 1 = w. Suppose 6 = w*g + g. What are the prime factors of g/(((-4)/(-236))/1)?
59
Let n(l) be the first derivative of -l**2/2 - 4. Let k be n(1). What are the prime factors of (3/k)/((-6)/12)?
2, 3
Let x(g) = -2*g**2 - 4*g + 2517. What are the prime factors of x(0)?
3, 839
Suppose 0 = -2*q, 3344 = -2*n - 5*q + 9064. What are the prime factors of n?
2, 5, 11, 13
Let w(j) = -3*j + 11. Let x be w(4). List the prime factors of (-1)/(x + 60/62).
31
Let y(o) = -o - 2. Let p be y(-8). Suppose 1210 = -p*z + 11*z. List the prime factors of z.
2, 11
Suppose 0 = 12*t - 7*t - 1645. What are the prime factors of t?
7, 47
Let y = -1756 - -2927. What are the prime factors of y?
1171
Let b = 19 + 6. Suppose 4*j = -2*r - r + 23, 5*r - b = 0. Suppose j*n = -6 + 64. What are the prime factors of n?
29
Let n be 318/16 - 2/(-16). Let u be (552/(-30))/((-8)/n). Suppose 0 = -3*y - u + 232. What are the prime factors of y?
2, 31
Let i be 3 + (-6)/2 + 1. Let j be ((-9)/3 - -9)/i. Suppose 4*r + 10 = j*r. List the prime factors of r.
5
Suppose 2*a + 26 = -3*g + 4*g, 3*a = -12. List the prime factors of g/(-30) - 1119/(-15).
2, 37
Let v = -44 - -313. List the prime factors of v.
269
Let x(s) = -s**3 + 34*s**2 + 37*s + 80. List the prime factors of x(34).
2, 3, 223
Let k = 11 + -7. Suppose -5*y - 942 = -4*w, w + 405 = -5*y - 547. List the prime factors of (-32)/40*y/k.
2, 19
Suppose -3*i = 8*i + 11. Let k(f) = -15*f - 4. List the prime factors of k(i).
11
Suppose 24 = -y + 29. Let h(r) = r**3 - 4*r**2 + 4*r + 1. Let u be h(3). Suppose y*n - 13 - 51 = -o, 3*n + u*o = 35. List the prime factors of n.
13
Let d = 127 + 765. List the prime factors of d.
2, 223
Let c be (-6)/(-4)*(-110)/(-33). Let k = 18 - 20. List the prime factors of 83/c - k/5.
17
Let d be 1/4 - 94/(-8). Suppose 7*f = 3*f - d, 2*f + 18 = -2*q. Let t = q + 10. What are the prime factors of t?
2
Let v = 2386 - -597. List the prime factors of v.
19, 157
Let i(q) = -4*q**2 - 4*q + 2. Let n(o) = -5*o**2 - 4*o + 1. Let t(x) = 2*i(x) - 3*n(x). List the prime factors of t(-3).
2, 13
Let q(g) = 83*g + 5. List the prime factors of q(1).
2, 11
Suppose -81 = 25*j - 28*j. Suppose 5*w = -3*y + 120, j = 2*w - 0*y - 3*y. List the prime factors of w.
3, 7
Let x be (-4*(-4)/(-24))/((-4)/30). Suppose x*b - 7*b = -80. What are the prime factors of b?
2, 5
Let a = -616 - -1428. List the prime factors of a.
2, 7, 29
Let o be -40 - (-6)/(-2) - 0. Let k = 177 + o. What are the prime factors of k?
2, 67
Let u = 353 - 238. List the prime factors of u.
5, 23
Suppose 588 = -18*h + 2676. List the prime factors of h.
2, 29
Suppose -u + 227 = 5*n - 106, 2*u + n = 711. List the prime factors of u.
2, 179
Suppose -2*u + 7*u = -2*x + 30, 0 = -x - 2*u + 13. Suppose 4*p + 190 = x*p. List the prime factors of p.
2, 5, 19
Let n(y) = -3*y**2 - y - 1. Let j be n(-1). Let t = 1 - j. Suppose 42 = 3*z + 4*g, 0*z - t*g = 5*z - 62. List the prime factors of z.
2, 5
Let s(k) = 3*k - 34. Let q be s(12). Suppose -43 = -2*y + 5*d, 2*d = -q*y - y + 36. List the prime factors of y.
2, 7
Let t be (-2)/(-5) + (-1 - 1658/(-5)). Let b = t + -185. List the prime factors of b.
2, 73
Suppose 5*n = -2*i - 178, 0*i + 4*n + 356 = -4*i. Let p = i + 140. What are the prime factors of p?
3, 17
Suppose 5*x + 3 = -n + 24, x - 3 = n. Suppose w - 111 = -2*l, 3*l - x*w + 3*w - 154 = 0. List the prime factors of l.
53
Suppose 5*c + 4*p = 3*p + 1826, p = -4. Suppose 0 = t - 2*b - 2, b + 8 = 2*t - 2. Suppose -t*s = -0*s - c. List the prime factors of s.
61
Suppose 6*h = h + 20. Suppose -u - 315 + 31 = -h*r, 4*u + 56 = r. What are the prime factors of r?
2, 3
Suppose 896 = 5*a + 2*i, 4*a - 709 = -0*a + i. List the prime factors of a.
2, 89
Let y(i) = i**3 + 9*i**2 - 13*i + 44. Let x = 147 + -156. List the prime factors of y(x).
7, 23
Let v be 10/(-25)*-5 - -1. Suppose 2*u = -v*u + 70. What are the prime factors of u?
2, 7
Let c(o) = 5*o + 2 - 1 + 2. Suppose -2*v + 5*v = 12. What are the prime factors of c(v)?
23
Suppose -1101 = 8*w - 2781. What are the prime factors of w?
2, 3, 5, 7
Let f(g) = -155*g - 98. List the prime factors of f(-8).
2, 571
Suppose -3*k + 6 + 36 = 3*l, 0 = -2*k + 3*l + 8. Let q = k - 10. Suppose q = -5*c + 9*c - 120. List the prime factors of c.
2, 3, 5
Let l(k) = -k**3 + 5*k**2 + 4*k + 13. Let z be l(6). Let s(b) = 77*b**2 + 2*b - 2. What are the prime factors of s(z)?
7, 11
Let c = -4 - -5. What are the prime factors of (2 - c) + 234/2 + -1?
3, 13
Suppose -2*x = 3*x - q - 8, -2*x + 8 = 2*q. List the prime factors of x/8 - 479*(-7)/28.
2, 3, 5
Suppose 3*r + 14 = 4*m - 29, -44 = -4*m + 4*r. What are the prime factors of (m/(-6) - -2) + (-822)/(-18)?
2, 23
Suppose -9*p + 23360 = 64*p. List the prime fac